n base 16?
96480
-37645 (base 9) to base 7
-133541
What is 4421230224 (base 5) in base 16?
91cc78
Convert 13da49 (base 16) to base 5.
313113230
Convert 31781 (base 11) to base 10.
46190
Convert -bbaa (base 15) to base 14.
-106c0
Convert -2a43da (base 15) to base 13.
-565345
3a220 (base 14) to base 2
100010111100000100
20225 (base 15) to base 12
4aa5b
Convert -3000a7c (base 13) to base 8.
-67175454
Convert -74769 (base 15) to base 13.
-cc28b
-1110100111010011 (base 2) to base 13
-21327
What is 481244 (base 10) in base 7?
4043021
-122839 (base 10) to base 16
-1dfd7
What is -2137452 (base 10) in base 8?
-10116554
Convert -10111010101000000010 (base 2) to base 9.
-1384523
Convert -19ab02 (base 12) to base 10.
-454322
Convert 1b151 (base 15) to base 12.
42b57
231272 (base 11) to base 3
200200100200
Convert 1342200414 (base 6) to base 16.
f968da
Convert 175685 (base 9) to base 12.
53228
Convert -b94b (base 14) to base 10.
-32015
Convert 2de5a0 (base 15) to base 6.
115410440
7144313 (base 8) to base 16
1cc8cb
-1b289 (base 14) to base 10
-69113
What is -35c0c6 (base 15) in base 16?
-273ea0
Convert -502228 (base 10) to base 14.
-d1056
Convert -122121022022 (base 3) to base 13.
-c193a
Convert 127496 (base 12) to base 14.
7c654
-81b (base 15) to base 8
-3442
What is 53114641 (base 7) in base 15?
5dac7a
1022111120201 (base 3) to base 4
2222212312
43d163 (base 15) to base 4
30111130200
What is 32033432 (base 5) in base 16?
416d8
-1078779 (base 11) to base 10
-1885629
Convert 103043314 (base 5) to base 7.
3513065
2002222 (base 3) to base 13
914
Convert -1e5f7 (base 16) to base 6.
-2355543
Convert 1111011001102 (base 3) to base 4.
3000330002
What is 16564405 (base 7) in base 3?
10001210012001
Convert -dd1d (base 15) to base 3.
-2101020101
803740 (base 9) to base 4
1310000232
58981 (base 16) to base 5
43103011
What is 11000101001111100010 (base 2) in base 8?
3051742
1307584 (base 9) to base 2
10101110010110111100
Convert 5735a5 (base 11) to base 16.
dec47
What is -46a7c (base 13) in base 8?
-374303
Convert -69827 (base 12) to base 10.
-141151
What is -456042 (base 7) in base 2?
-10011110110101001
What is 15201220 (base 6) in base 5?
113412233
101111110000110001100011 (base 2) to base 11
7081966
45574725 (base 8) to base 6
552023113
-c7b3bb (base 14) to base 11
-38a3201
Convert -117408 (base 10) to base 4.
-130222200
What is 67102 (base 11) in base 5?
11103121
-2122304 (base 5) to base 12
-18982
-2751073 (base 9) to base 12
-6098a9
Convert 10b07cc (base 13) to base 2.
10011100111011100111011
What is -7c65d (base 14) in base 6?
-10255123
10110001111100101100 (base 2) to base 14
14d8a8
Convert 121a2 (base 11) to base 7.
102061
What is -a0c6 (base 16) in base 14?
-10ddc
-3704487 (base 10) to base 11
-2100266
1202121001221 (base 3) to base 8
3445561
What is 31011244 (base 5) in base 6?
5213120
What is -34bbb6 (base 14) in base 10?
-1799636
Convert 133023013 (base 5) to base 15.
d4858
-537524 (base 10) to base 3
-1000022100022
What is -21492 (base 14) in base 9?
-132361
Convert -1017127 (base 10) to base 6.
-33444531
11110010100101101 (base 2) to base 10
124205
38833 (base 15) to base 10
180723
Convert -86549b (base 13) to base 2.
-1100000001111001011011
Convert 89046 (base 10) to base 16.
15bd6
Convert -2ba4141 (base 12) to base 13.
-1b05938
4662614 (base 8) to base 4
10312112030
Convert -14206767 (base 9) to base 13.
-15c2863
Convert -178b506 (base 12) to base 7.
-56522604
14143015 (base 6) to base 13
13a73b
What is 55374221 (base 8) in base 16?
b5f891
Convert -138902 (base 11) to base 3.
-102000021102
What is -128339 (base 11) in base 6?
-4152202
-26b09d (base 15) to base 13
-501676
Convert -11010100100001000 (base 2) to base 3.
-12112020221
What is -106928 (base 14) in base 12?
-229988
Convert -10113333 (base 5) to base 12.
-3b79b
Convert -333234401 (base 6) to base 5.
-3021222243
What is -e01d2 (base 15) in base 11?
-4448a2
What is 365733 (base 8) in base 15?
27495
What is -244324211 (base 5) in base 15?
-180d8b
-1629674 (base 12) to base 11
-2619752
-460554 (base 7) to base 15
-19413
What is -2210020212 (base 3) in base 8?
-153114
Convert -1335c1 (base 14) to base 4.
-2201232311
634063 (base 9) to base 16
5c076
291b30 (base 12) to base 16
a7e14
Convert 21013231200 (base 4) to base 13.
65932b
-150134221 (base 6) to base 15
-4111c4
452293 (base 11) to base 16
afe1f
Convert 196205 (base 10) to base 9.
328125
Convert 45802a (base 13) to base 2.
110010001110000010101
Convert 400084 (base 11) to base 2.
10011101010011001000
Convert 120015413 (base 6) to base 14.
4250c1
Convert bee0 (base 16) to base 14.
13b44
Convert -2312240043 (base 5) to base 9.
-10688846
30c22 (base 16) to base 13
6cb98
What is -1700dd (base 14) in base 4?
-3011000103
2857b4 (base 13) to base 5
222432024
505b9 (base 13) to base 12
6b276
-7fe15 (base 16) to base 2
-1111111111000010101
What is 1a9874 (base 11) in base 9?
537558
10334450 (base 8) to base 2
1000011011100100101000
What is 101310222 (base 4) in base 14?
1c866
Convert -4623556 (base 7) to base 8.
-2150023
Convert -1440123 (base 5) to base 4.
-13133013
Convert 1106678 (base 10) to base 4.
10032023312
Convert 11874 (base 11) to base 12.
9a25
100010000010001100 (base 2) to base 3
21002020010
Convert 47e03 (base 16) to base 3.
112221211211
Convert 101101101010011001010 (base 2) to base 8.
5552312
Convert 20212002210 (base 3) to base 7.
1101261
Convert 21556005 (base 7) to base 12.
75a046
What is 11930288 (base 10) in base 6?
1103412452
Convert 4550505 (base 6) to base 15.
48bce
Convert 2952222 (base 10) to base 5.
1223432342
24154 (base 10) to base 11
17169
1659aa4 (base 12) to base 14
87a432
Convert 31846e (base 15) to base 16.
23f612
What is bb679 (base 12) in base 14?
66589
Convert -21306530 (base 7) to base 8.
-6735610
911536 (base 10) to base 15
130141
27a10 (base 14) to base 9
158404
-134769 (base 14) to base 9
-1223818
10f3b29 (base 16) to base 9
36402235
Convert -47428 (base 12) to base 3.
-11212012112
-4a453 (base 14) to base 3
-100020121022
What is -7ab3b (base 13) in base 5?
-24130211
Convert -1023534210 (base 6) to base 4.
-221101321332
Convert -412cc3 (base 16) to base 3.
-22001000010021
What is -385cb (base 15) in base 2?
-101011111111011111
What is b251b (base 16) in base 9?
1332820
-34653043 (base 7) to base 6
-145252044
132322321303 (base 4) to base 12
286a897
-717965 (base 12) to base 15
-25136e
-313212022 (base 4) to base 10
-227722
What is 174513 (base 10) in base 9?
285343
Convert -944528 (base 11) to base 7.
-15603641
What is 34522121 (base 6) in base 12?
436341
What is -11144345 (base 7) in base 16?
-ec9c3
-10449b (base 13) to base 5
-44142020
3362767 (base 9) to base 16
1ba9ba
-1101110000000001101 (base 2) to base 9
-756056
Convert 232a53a (base 13) to base 2.
101001011000010011111011
What is -959fba (base 16) in base 3?
-200110011222002
What is -14b077 (base 13) in base 14?
-d3b06
Convert -2a83a32 (base 13) to base 12.
-4680392
Convert 15b427 (base 14) to base 8.
2716113
Convert -25042011 (base 6) to base 12.
-326307
-919c0 (base 13) to base 8
-775473
-12173141 (base 8) to base 16
-28f661
Convert -220403232 (base 5) to base 2.
-11101000000010101010
What is -10243201140 (base 5) in base 13?
-2351102
Convert -192b57 (base 14) to base 2.
-11011001100110011001
What is -2061384 (base 9) in base 6?
-35351504
-2120300241 (base 5) to base 8
-21013753
What is 471a3 (base 12) in base 10?
95307
What is -561942 (base 14) in base 9?
-5446201
What is 38794d (base 14) in base 13?
52cb25
Convert 22111120010111 (base 3) to base 6.
240502404
27c91 (base 14) to base 7
560141
-1134736 (base 10) to base 3
-2010122120021
What is 59138 (base 13) in base 5?
20202134
-184a814 (base 13) to base 4
-132101030100
540412 (base 7) to base 15
1cc14
Convert 434007 (base 9) to base 4.
333023302
-11110000110111 (base 2) to base 9
-23127
Convert 1b9bc (base 13) to base 2.
1101010010000100
What is -626413 (base 9) in base 16?
-5ad9e
What is 10001320232 (base 4) in base 16?
101e2e
Convert -45552513 (base 7) to base 6.
-221143050
1001000111110110101 (base 2) to base 13
a60ab
Convert 6637750 (base 9) to base 7.
42221214
What is 168250 (base 9) in base 7?
613350
425002 (base 6) to base 15
a488
Convert -1001011111001000110100 (base 2) to base 12.
-9b